).
0
Suppose 7 = n + 3. Suppose -y = -6*y + s + 2, n*y + 6 = -3*s. Let u(v) = -3*v - 1. Let x(d) = -2*d - 1. Let f(z) = -5*u(z) + 7*x(z). Give f(y).
-2
Let g(t) be the first derivative of -1/3*t**3 - t + t**2 - 35. What is g(5)?
-16
Let f(d) be the second derivative of -d**5/20 - 5*d**4/6 + 4*d**3/3 - 8*d**2 - 67*d - 3. What is f(-11)?
17
Let r(t) = -45*t + 16*t + 3*t**2 + 1 + 24*t + t**3. Let d be r(-4). Let n(k) = k**2 - d*k**2 + 6*k**2. Determine n(-1).
2
Let g(c) be the third derivative of -1/6*c**3 - 1/24*c**4 + 0*c + 1/60*c**5 - c**2 + 0. What is g(2)?
1
Let c(w) be the second derivative of 0*w**3 + 0*w**2 - 1/720*w**6 + 0 - 6*w - 1/40*w**5 + 3/4*w**4. Let l(j) be the third derivative of c(j). Give l(-5).
2
Let l(x) = 2*x. Let d = -125 + 124. Determine l(d).
-2
Let q(v) = v**3 - 11*v**2 - 10*v - 19. Let b be ((-16)/(-10))/(1 - 117/135). Determine q(b).
5
Let b(g) be the third derivative of g**4/24 - g**3/6 - 38*g**2. Let s(c) = 8*c - 10. Let m(a) = -6*b(a) + s(a). Calculate m(5).
6
Let j(w) = -43 + 22 - 8*w**2 + 14*w + w**3 + 13. What is j(5)?
-13
Let c(q) = -4*q**2 - 5*q - 2. Let v(y) = 5*y**2 + 6*y + 2. Let i(b) = -6*c(b) - 5*v(b). Suppose -2*t + 6*t = 0. Let m = 0 + t. Give i(m).
2
Let d(l) = 12*l**2 - l. Let u(j) = -3*j + 4. Let z be u(4). Let p(c) = -2*c - 15. Let y be p(z). Determine d(y).
11
Let g(w) = -w - 16. Suppose -140 = -p + 21*p. Determine g(p).
-9
Let u = 1115 - 1116. Let p(h) = 44*h**3 + h**2 + h + 1. Calculate p(u).
-43
Suppose 2*u - u = -11. Suppose 0 = -z - 3*a + 12, -14 = 5*z + 2*a - 48. Let l = u + z. Let c(w) = -w**3 - 5*w**2 + 6. What is c(l)?
6
Let t(h) = 25*h**2 - 126*h + 1. Let o be t(5). Let z(l) = -l**3 - 8*l**2 - 2*l - 6. Determine z(o).
-62
Suppose y = 4*l + 3, -2 + 4 = -2*l. Let f be 0/2 - (y + (-4 - 2)). Let k(d) = d - 6. Determine k(f).
1
Let m(a) = -a**3 - 5*a**2 + 7*a + 6. Let s be m(-6). Let n(u) = u**2 + 8. Give n(s).
8
Suppose 19 = 5*x - 11. Let i(r) be the third derivative of -r**6/120 + 7*r**5/60 - r**4/3 + 7*r**3/6 + 179*r**2. Give i(x).
-5
Let g(v) = v**3 + 4*v**2 - 10*v - 7. Let s(d) = d - 2. Suppose 31 = -6*t + 2*t + 5*o, -3*t - 5*o = -3. Let l be s(t). What is g(l)?
-19
Let b(n) be the first derivative of n - 13 - 3/2*n**2. Let o be ((-6)/(-4))/((-1)/2). What is b(o)?
10
Let a = 46 - 50. Let s(i) = -11*i**3 + i**2 + i + 4. Let z(m) = 5*m**3 - m**2 - 2. Let c(w) = a*s(w) - 9*z(w). What is c(4)?
2
Let m be (5 + 0 + -5)*3/12. Let y(q) = -q**2 - q - 5. Calculate y(m).
-5
Let v(z) = -z**2 + 9*z - 5. Suppose -13*t - 24 = -16*t. What is v(t)?
3
Let y(g) = g**3 + 4*g**2 - 6*g - 7. Let n(a) = 7*a + 65. Let o be n(-10). Give y(o).
-2
Suppose -4*k - 2*k + 30 = 0. Let x(t) = 0 - 20*t**3 + 21*t**3 + 4*t**2 + k. What is x(-4)?
5
Suppose -a + 4*g = g - 4, 5*a - 5*g - 20 = 0. Suppose -3*v - 5*c = -2, a*c - 24 = v - 2. Let d(s) = s**3 + 7*s**2 + 3*s - 4. Determine d(v).
14
Let z(a) be the second derivative of -a**4/12 + a**3/6 + 4401*a. Let k(s) = -s**2 - 5*s - 1. Suppose -4*x - 10 = -2*x. Let n be k(x). Determine z(n).
-2
Let b = -60 - -65. Let j(r) = -r**2 + 2 + 0*r**2 - 5*r + 2*r**2. Give j(b).
2
Let r(m) = m**2 - 7*m. Suppose -3*c - 86 = -2*i, 0 = -3*c + 7*c - 2*i + 114. Let p be (3 + -2 - -1)/(c/(-70)). Give r(p).
-10
Let j be 4*(1 + 2 + -2). Let d(m) = 3*m**3 - 22*m + 4. Let l(x) = 2*x**3 - x**2 - 12*x + 2. Let u(w) = -3*d(w) + 5*l(w). Give u(j).
6
Let t be (-1)/((6/(-4))/3). Let u(h) = t*h**2 + 3 + h - 3 - h**3. Suppose 406 = -12*n + 394. What is u(n)?
2
Let l(d) be the second derivative of -d**3/6 + 2*d**2 + d + 17. Suppose -3*w - 4*m = -9, -4 = 2*w + 5*m - 10. Determine l(w).
1
Let d(p) = -p**2 + 4*p + 9. Let y = 92 - 84. What is d(y)?
-23
Let y = 14 - 12. Let v(a) = -66*a**2 - 2*a + 19*a**2 + 18*a**2 - 1 + 25*a**y. Calculate v(-1).
-3
Let z(f) = 458*f**3 - 459*f**3 - f**2 - 1 + 3*f - 4*f. Suppose -5*y - 6 = -2*y. Determine z(y).
5
Let q(g) be the second derivative of -1/2*g**4 - 7/2*g**2 + g - g**3 + 0 + 1/20*g**5. Determine q(7).
0
Let t(f) = 8*f**3 - 2*f + 1. Let y = 88 + -84. Suppose 0 = 7*n - y*n - 3. What is t(n)?
7
Let f = -43 - -45. Let g(p) = -2*p + 3*p**2 + p**2 + f*p**3 - 4*p**3 - 1. Give g(2).
-5
Let o(j) be the second derivative of -5*j**3/3 + j**2 + 193*j. Give o(1).
-8
Let q(o) = -2*o**2 + 2*o + 0*o - 31 - 38 - 4*o + 71. Determine q(-4).
-22
Let k be -5 + 3 + (0 - -42). Suppose a - k = 5*a. Let b be (6/(-15))/((-1)/a). Let l(h) = h**2 + 4*h. Determine l(b).
0
Suppose -1478*f + 54 = -1484*f. Let g(t) = 10*t + 92. Determine g(f).
2
Let l(i) = i - 18. Let p = 324 + -315. Determine l(p).
-9
Let j(w) = -w - 1. Let d(y) = y**2 + 2*y + 7. Let f(a) = d(a) + 2*j(a). Give f(-4).
21
Let v(t) be the first derivative of t**2/2 - 13*t - 99. Calculate v(6).
-7
Suppose 0 = -6*m + 10 + 8. Let q(j) = -j**3 + 5*j**2 - 2*j - 9. Let v(k) = -k**3 + 4*k**2 - 3*k - 9. Let z(c) = m*v(c) - 4*q(c). Calculate z(8).
1
Let i(p) = -8*p - 20. Let q be i(-5). Let s = q - 19. Let a(d) = 3 + 3*d**2 - 2*d + 2*d**2 - 2. What is a(s)?
4
Let l(y) = 5*y - 1. Let a(c) = 8*c + 17. Let d(i) = a(i) - 2*l(i). Give d(9).
1
Let j(b) = -7*b**2 + 18*b**2 - b + 2*b**3 - b**3 - 12*b**2. Determine j(1).
-1
Suppose q = -0*q - 2*u + 14, -5*q - 5*u + 50 = 0. Let i = 89 + -87. Let n(k) = 35*k**2 - 16*k**2 + 6*k + 5 - 20*k**i. What is n(q)?
5
Let s(q) be the third derivative of q**5/60 + 11*q**4/24 + 2*q**3/3 + 6*q**2. Let f be s(-11). Let i(k) = -5*k**2 + 2 - k**3 - 2 - 2 + k + f. Determine i(-5).
-3
Let g(s) = 17*s**2 + s - 1. Let a = 104 - 103. What is g(a)?
17
Let m be 3 + 2 - (1 - 8). Let i(h) = h**2 - 12*h - 3. What is i(m)?
-3
Let f be (-48)/20 - (-4)/10. Let w be f/(-10) + (-144)/20. Let b(v) = -v**2 - 7*v + 2. What is b(w)?
2
Let p(f) be the third derivative of -f**5/60 + 5*f**4/24 + f**3/3 - 2*f**2. Let v = 41 - 20. Let z be (-9)/21 + 114/v. Give p(z).
2
Let x(p) = -p**3 + 12*p**2 - 13*p + 15. Let h(a) = a**3 - a**2 + 17*a + 11. Let g be h(0). Determine x(g).
-7
Let t be (-2)/8 - (-2)/(5 + 3). Let b(q) = 0*q - 2*q - q**3 - 6*q**2 - q + t*q**3 - 5. What is b(-6)?
13
Let k = 142 + -137. Suppose k*f + g - 37 = 0, 2*f + 11 = 3*f - g. Let p(m) = m**3 - 8*m**2 + 3*m - 11. What is p(f)?
13
Let h be (1*6)/3 - 8. Let n(s) = -s**2 + 8*s - 7. Let t be n(3). Let x(u) = -3*u + t*u - u**2 + 1 - 2 - 11*u. Determine x(h).
-1
Let f = -2 + 3. Suppose 0 = 2*k + 184 - 196. Let c(m) = -k*m + 9*m - 4*m - 2*m. Calculate c(f).
-3
Let x(j) = j**2 - 2*j - 2. Let z = 22 - 18. Let g = -1 + z. Give x(g).
1
Let l(h) be the second derivative of -h**8/6720 - h**7/840 + h**6/240 + h**5/60 - h**4/6 + 3*h. Let x(d) be the third derivative of l(d). Calculate x(-3).
-7
Let i be 21/(-15) + 4/10. Let y(v) = -v**2 - v. Let a(z) = 3*z**2 - 4*z. Let b(t) = i*a(t) - 2*y(t). Suppose 0 = -g - 4, -4*u + g - 4*g = -8. What is b(u)?
5
Let a(h) = 4*h**2 - 7*h + 2*h + h**3 + 17 + 14 - 38. Give a(-5).
-7
Let i be 2/1*(-15)/(-10). Suppose 5*g - 6*g - 1 = 2*j, j + 3*g + i = 0. Let c(v) = -v**2 + v + 6. Determine c(j).
6
Let g(f) = -8*f**2 + 54*f + 8. Let z(r) = -65*r - 58. Let l be z(-1). Calculate g(l).
-6
Let n(d) = 307*d**3 - 12*d**2 + 4*d + 14. Let s(z) = -115*z**3 + 4*z**2 - 2*z - 5. Let r(c) = 3*n(c) + 8*s(c). Let j be (-43)/(-9) + 2/9. What is r(j)?
7
Let x(i) be the third derivative of i**7/2520 + i**6/144 - i**5/40 - 5*i**4/12 + 5*i**2. Let o(z) be the second derivative of x(z). Determine o(-7).
11
Suppose f = -5 + 15. Let u = f + -9. Let y(n) = -n + 1. What is y(u)?
0
Let i(d) be the third derivative of -d**5/60 + d**4/4 - 13*d**3/6 - 383*d**2. What is i(2)?
-5
Let q(h) be the third derivative of -h**5/60 + h**4/12 + 3*h**3/2 - 145*h**2. Calculate q(8).
-39
Let j(p) = -p + 2. Let c(y) = -y**3 - 8*y**2 - 16*y - 66. Let a be c(-7). Determine j(a).
5
Suppose 0 = 10*s + 209 - 139. Let g(v) = v**3 + 7*v**2 - 2*v + 5. Determine g(s).
19
Let y(p) = p**3 + p**2 + p - 1. Suppose 15*d = -5 + 5. Give y(d).
-1
Let n(s) be the third derivative of s**4/24 + 5*s**3/3 + s**2 + 3*s. Calculate n(-7).
3
Let k(j) = -j**3. Let i be (9/(-2))/(3/(-6)). Let f = 3 - i. Let y(h) = -7*h**3 - 4. Let l(a) = f*k(a) + y(a). Determine l(0).
-4
Let n(l) be the first derivative of -l**4/2 + l**3/3 + 3*l**2/2 - 3*l - 133. Determine n(2).
-9
Let p(y) be the first derivative of 5*y**2/2 + 3*y + 1. Suppose 